{"id":802,"date":"2021-07-09T09:34:35","date_gmt":"2021-07-09T09:34:35","guid":{"rendered":"http:\/\/rafalbujalski.de\/?page_id=802"},"modified":"2026-02-11T17:38:22","modified_gmt":"2026-02-11T17:38:22","slug":"datenschutzerklaerung","status":"publish","type":"page","link":"https:\/\/rafalbujalski.de\/?page_id=802","title":{"rendered":"Haftungsausschluss"},"content":{"rendered":"<h2>Haftungsausschluss f\u00fcr die Verwendung von Bildmaterial auf der Website<\/p>\n<p>Urheberrechtlicher Hinweis und Haftungsregelung f\u00fcr Portfolio-Inhalte<\/h2>\n<h2>1. Zweck der Darstellung<\/h2>\n<p>Die auf dieser Website dargestellten Projekte, Visualisierungen und Bildmaterialien dienen ausschlie\u00dflich der Pr\u00e4sentation der beruflichen T\u00e4tigkeit und der dokumentarischen Darstellung der eigenen kreativen Mitwirkung als 3D-Designer (Portfolio-Zweck).<\/p>\n<p>Soweit nicht ausdr\u00fccklich anders gekennzeichnet, handelt es sich bei den gezeigten Arbeiten um Beitr\u00e4ge im Rahmen von Auftrags- oder Teamprojekten.<\/p>\n<h2>2. Rechteinhaberschaft<\/h2>\n<p>Der Betreiber dieser Website ist Urheber bzw. Miturheber ausschlie\u00dflich der von ihm pers\u00f6nlich erstellten gestalterischen Leistungen (insbesondere 3D-Modeling, Rendering, Visualisierung).<\/p>\n<p>Die Rechte an den jeweiligen Gesamtwerken, Marken, Designs, Produkten, Fotografien oder sonstigen dargestellten Inhalten k\u00f6nnen ganz oder teilweise bei Dritten (z. B. Auftraggebern, Agenturen, Herstellern oder weiteren Kreativen) liegen.<\/p>\n<p>Soweit keine ausdr\u00fcckliche Kennzeichnung erfolgt, wird keine Aussage \u00fcber die vollst\u00e4ndige Rechteinhaberschaft am Gesamtwerk getroffen.<\/p>\n<h2>3. Keine Rechteeinr\u00e4umung<\/h2>\n<p>Die Darstellung der Inhalte auf dieser Website stellt keine Einr\u00e4umung von Nutzungsrechten an Dritte dar.<\/p>\n<p>Jede Vervielf\u00e4ltigung, Bearbeitung, Verbreitung, \u00f6ffentliche Zug\u00e4nglichmachung oder sonstige urheberrechtlich relevante Nutzung bedarf der vorherigen Zustimmung der jeweiligen Rechteinhaber, sofern keine gesetzliche Schrankenregelung eingreift.<\/p>\n<p>Der Betreiber ist \u2013 soweit ihm keine entsprechenden Rechte \u00fcbertragen wurden \u2013 nicht befugt, Nutzungsrechte an Gesamtwerken oder fremden Werkbestandteilen zu erteilen.<\/p>\n<h2>4. Marken- und Kennzeichenrechte<\/h2>\n<p>Eventuell dargestellte Marken, Logos, Produktbezeichnungen oder Unternehmenskennzeichen sind Eigentum der jeweiligen Rechteinhaber.<\/p>\n<p>Die Nennung erfolgt ausschlie\u00dflich zur sachlichen Projektzuordnung im Rahmen der Portfolio-Darstellung und stellt keine kennzeichenm\u00e4\u00dfige Nutzung im gesch\u00e4ftlichen Verkehr dar.<\/p>\n<h2>5. Haftung<\/h2>\n<p>Der Betreiber haftet nach den gesetzlichen Vorschriften bei Vorsatz und grober Fahrl\u00e4ssigkeit, bei Verletzung von Leben, K\u00f6rper oder Gesundheit, nach dem Produkthaftungsgesetz sowie im Umfang einer \u00fcbernommenen Garantie.<\/p>\n<p>Bei leicht fahrl\u00e4ssiger Verletzung wesentlicher Vertragspflichten (Kardinalpflichten) ist die Haftung auf den vertragstypischen, vorhersehbaren Schaden begrenzt.<\/p>\n<p>Im \u00dcbrigen ist die Haftung f\u00fcr leichte Fahrl\u00e4ssigkeit ausgeschlossen.<\/p>\n<p>Gesetzliche Anspr\u00fcche auf Unterlassung oder Beseitigung nach dem Urheberrechtsgesetz bleiben unber\u00fchrt.<\/p>\n<h2>6. Hinweis bei m\u00f6glichen Rechtsverletzungen<\/h2>\n<p>Sollten Sie der Ansicht sein, dass durch die Darstellung eines Projektes oder Bildmaterials auf dieser Website Ihre Urheber-, Leistungsschutz-, Marken- oder sonstigen Rechte verletzt werden, wird um eine konkrete Mitteilung unter nachvollziehbarer Darlegung der Rechtsposition gebeten.<\/p>\n<p>Bei berechtigter Beanstandung wird das betreffende Material unverz\u00fcglich gepr\u00fcft und gegebenenfalls entfernt oder angepasst.<\/p>\n<p>Die Einschaltung eines Rechtsanwalts zur kostenpflichtigen Abmahnung entspricht nicht dem mutma\u00dflichen Willen des Betreibers, sofern eine vorherige Kontaktaufnahme ohne angemessene Fristsetzung m\u00f6glich und zumutbar gewesen w\u00e4re.<\/p>\n<h2>7. Geltungsbereich<\/h2>\n<p>Diese Hinweise gelten f\u00fcr s\u00e4mtliche auf dieser Website ver\u00f6ffentlichten Portfolio-Inhalte.<\/p>\n","protected":false},"excerpt":{"rendered":"<p>Haftungsausschluss f\u00fcr die Verwendung von Bildmaterial auf der Website Urheberrechtlicher Hinweis und Haftungsregelung f\u00fcr Portfolio-Inhalte 1. Zweck der Darstellung Die auf dieser Website dargestellten Projekte, Visualisierungen und Bildmaterialien dienen ausschlie\u00dflich der Pr\u00e4sentation der beruflichen T\u00e4tigkeit und der dokumentarischen Darstellung der eigenen kreativen Mitwirkung als 3D-Designer (Portfolio-Zweck). Soweit nicht ausdr\u00fccklich anders gekennzeichnet, handelt es sich bei [&hellip;]<\/p>\n","protected":false},"author":2,"featured_media":0,"parent":0,"menu_order":0,"comment_status":"closed","ping_status":"closed","template":"","meta":{"footnotes":""},"class_list":["post-802","page","type-page","status-publish","hentry"],"_links":{"self":[{"href":"https:\/\/rafalbujalski.de\/index.php?rest_route=\/wp\/v2\/pages\/802","targetHints":{"allow":["GET"]}}],"collection":[{"href":"https:\/\/rafalbujalski.de\/index.php?rest_route=\/wp\/v2\/pages"}],"about":[{"href":"https:\/\/rafalbujalski.de\/index.php?rest_route=\/wp\/v2\/types\/page"}],"author":[{"embeddable":true,"href":"https:\/\/rafalbujalski.de\/index.php?rest_route=\/wp\/v2\/users\/2"}],"replies":[{"embeddable":true,"href":"https:\/\/rafalbujalski.de\/index.php?rest_route=%2Fwp%2Fv2%2Fcomments&post=802"}],"version-history":[{"count":18,"href":"https:\/\/rafalbujalski.de\/index.php?rest_route=\/wp\/v2\/pages\/802\/revisions"}],"predecessor-version":[{"id":5552,"href":"https:\/\/rafalbujalski.de\/index.php?rest_route=\/wp\/v2\/pages\/802\/revisions\/5552"}],"wp:attachment":[{"href":"https:\/\/rafalbujalski.de\/index.php?rest_route=%2Fwp%2Fv2%2Fmedia&parent=802"}],"curies":[{"name":"wp","href":"https:\/\/api.w.org\/{rel}","templated":true}]}}